= -x**2 - 3. Calculate l(r).
-3
Let o(y) be the second derivative of y**5/120 + 7*y**4/24 - y**3/3 + 2*y. Let s(a) be the second derivative of o(a). What is s(-3)?
4
Let v(a) = 5*a + 24. Let q(f) = -7*f - 7. Let u(r) = -4*r - 3. Let t(o) = 3*q(o) - 5*u(o). Let x(k) = 9*t(k) + 2*v(k). Let y be 42/8 + 17/(-68). Give x(y).
-1
Let b(y) = -7*y - y**2 - 4 + 9*y + y**3 - 2*y**2. Determine b(3).
2
Let y = -11 - -9. Let s(g) = 2*g**3 + 3*g**2 + g. What is s(y)?
-6
Let t be 6/3*3/(-6). Let o = -3 + t. Let j(x) = -x + 4. What is j(o)?
8
Let q(y) = 2*y - 3. Let a be (-8 + 2)/((-6)/4). Determine q(a).
5
Let w(b) = 2*b + 6. Let m(u) = u**3 - 3*u**2 - 1. Let d be m(2). Let t be w(d). Let h(g) = -g - 4. Calculate h(t).
0
Let z(f) = f**3 - f**2 - 2*f - 2. Suppose 16 = -k + 5*k, -11 = -3*v + k. Let q = v - 2. Give z(q).
10
Let n(t) = t**3 + t**2 - 5*t - 2. Suppose -3 = -0*a - a. Let j(h) = h. Let z be j(2). Suppose -2*w + a = -2*c - 3*w, -5*c = -z*w + 21. What is n(c)?
-5
Let n(o) = -5*o**3 + 6*o**2 + 8*o + 1. Let g(k) = 11*k**3 - 13*k**2 - 17*k - 3. Let v = -9 - -18. Let c(d) = v*n(d) + 4*g(d). Calculate c(3).
0
Suppose 0*m - 2*m + 8 = 0, 0 = -5*b - m + 19. Let a be -1 - ((-9)/b + 0). Let p(g) = 4 + 12*g - g**a - 7*g - 5*g. Determine p(-3).
-5
Let x(f) = f**3 + f. Let h(a) = -2*a**3 + 2*a**2 + 6*a - 1. Suppose -29*s = -24*s + 5. Let k(j) = s*h(j) + 6*x(j). What is k(1)?
7
Let m(k) = 0 + 0 + 2*k + 5*k**2 + 1. Let p = 13 + -12. Let u = p - 2. What is m(u)?
4
Let n(c) be the second derivative of c**5/60 - 7*c**4/24 + 5*c**3/6 + 2*c**2 + 3*c. Let l(b) be the first derivative of n(b). Determine l(4).
-7
Let a(h) be the first derivative of -h**7/840 + h**6/120 + h**5/30 + 5*h**4/24 - 2*h**3/3 - 1. Let j(g) be the third derivative of a(g). Determine j(4).
5
Let n(v) = -v**3 - 8*v**2 - 10. Let c = 24 - 32. Determine n(c).
-10
Suppose 6 + 54 = 5*z. Let d(i) = 4*i + 0*i - 3 - i + z. Suppose 3*q - 1 = -19. What is d(q)?
-9
Suppose -o + 4*t = 2, -3*o - 2 = 2*t - 24. Suppose 2*b + b - o = 0. Let r(y) = y**2 + 12 - 14 - y**2 - y**2 + 3*y. Give r(b).
0
Let g(a) = 35*a**2 + 3. Let b(q) = 12*q**2 + 1. Let p(r) = 8*b(r) - 3*g(r). Calculate p(-1).
-10
Let m = 28 + -15. Let b(y) = -m*y + 1 + 8*y + 4*y. Calculate b(1).
0
Let m(l) = l**2 - 7*l + 1. Let f be m(7). Let r(d) = -d. Let k(u) = 4*u + 1. Let i(v) = -k(v) - 5*r(v). Calculate i(f).
0
Let i(x) = 2*x + 9. Let y be i(-6). Let z(c) = 2*c**3 + 13*c**2 - 6*c + 17. Let k(l) = l**3 + 6*l**2 - 3*l + 8. Let q(f) = -9*k(f) + 4*z(f). Give q(y).
-4
Let j = -6 - -3. Let o(s) = -5 + 4*s - s - 4*s. Give o(j).
-2
Let f(q) = 5*q**2 - 6*q + 6. Let l(y) = -14*y**2 + 17*y - 17. Let z(j) = 17*f(j) + 6*l(j). Give z(0).
0
Let q = 4 + -9. Let s(y) = -y + 3*y + 6 + 0*y. Determine s(q).
-4
Let m be -2*((-14)/4 - -3). Let r(y) = 8*y**2 + y. Determine r(m).
9
Let p(v) = -5*v**2 - 2*v - 1. Let k(f) = -f**3. Let x(q) = k(q) + p(q). Determine x(-5).
9
Let f(x) = x - 17. Let d(c) = c**2 - c - 3. Let j be d(4). What is f(j)?
-8
Let c(l) = -l**2 - 15*l - 9. Let w be c(-14). Let j = -8 + 4. Let r(k) = 5*k**2 - 3*k + 1. Let m(d) = -4*d**2 + 3*d. Let p(o) = j*m(o) - 3*r(o). Calculate p(w).
7
Let i = 76 + -87. Let o(t) = t**3 + 11*t**2 + t + 14. What is o(i)?
3
Let f = 26 - 20. Let i(r) be the first derivative of -r**4/4 + 5*r**3/3 + 5*r**2/2 + 5*r + 10. Calculate i(f).
-1
Let w(h) = 7*h - 4. Let b(g) = -14*g + 7. Let f(p) = -6*b(p) - 11*w(p). Determine f(-2).
-12
Let n(r) = 8*r**2 + 4*r + 4. Let f(q) = -9*q**2 - 5*q - 5. Let u(a) = -5*f(a) - 6*n(a). Let o(c) = -c**3 + 12*c**2 - 8*c - 34. Let i be o(11). Give u(i).
-3
Let q(w) be the third derivative of w**4/12 - w**3/6 + 19*w**2. Calculate q(4).
7
Suppose -5*n + 0*n = 0. Let d = n + -4. Let i(u) = u**2 + 6*u + 2. Calculate i(d).
-6
Let m(c) be the first derivative of c**5/5 + c**3/3 - c**2/2 + c + 3. Let z(s) be the first derivative of m(s). What is z(1)?
5
Suppose 10 = -4*m + 3*m - 3*u, -4*u = 5*m - 5. Let v(p) be the first derivative of p**4/4 - 2*p**3 + 3*p**2 + 2*p + 2. What is v(m)?
7
Suppose 5*h - 16 = 4*z - 4, -3*z + 5*h - 9 = 0. Suppose 0*q - q = -3. Let a(c) = 2*c + 0*c - 5 - q*c. Calculate a(z).
-2
Let s(a) = -3*a - 2*a**3 - 3 - 5*a**2 + 0 + 2*a**2. Give s(-2).
7
Let c(h) be the second derivative of -h**5/20 - h**4/6 + h**3/6 - 2*h**2 + 25*h - 2. Give c(-3).
2
Let n(q) = 4*q + 2. Let o be n(-1). Let y be (-5 + 1)*3/(-12). Let k(c) = y + 2 - 2 - 3*c. Determine k(o).
7
Let u(d) = 2*d + 9. Let f be u(-7). Let h(v) = v**2 + 3*v - 5. Give h(f).
5
Let n(b) = -2*b**3 - 1 + 6*b - 1 - 4*b. Give n(2).
-14
Suppose -o + 5*l - 29 = -4*o, 0 = -4*o + 4*l - 4. Suppose -o = 2*c - 3*c. Let k(n) = n**2 + n - 4. Determine k(c).
8
Let f(j) be the second derivative of -1/2*j**2 - 1/4*j**4 - 1/20*j**5 + 3*j + 1/3*j**3 + 0. Calculate f(-3).
-7
Let g(k) = k**3 - 3*k**2 + 4*k - 2. Let s be -1*(4/2 - 8). Let y be (2/(-6))/((-1)/s). Give g(y).
2
Let k(m) be the second derivative of -m**7/840 + m**6/72 + m**5/60 - m**4/6 + 2*m**3/3 + 10*m. Let r(p) be the second derivative of k(p). Calculate r(5).
6
Let c = 115/3 - 38. Let l(x) be the first derivative of -x**2 - c*x**3 - x - 4. Determine l(-4).
-9
Suppose 12*s - 5*s - 21 = 0. Let f(a) be the first derivative of 4*a + 1/3*a**s - 7/2*a**2 - 1. Calculate f(4).
-8
Let o = 29 + -22. Let q(n) = n**2 - n. Let c(b) = -5*b**2 + 13*b - 6. Let u(z) = -c(z) - 4*q(z). Give u(o).
-8
Let r(n) = -n**3 + 4*n**2 - 5*n + 2. Suppose -10 = -3*j - 1. Calculate r(j).
-4
Let t = 4 + -1. Suppose n - t = -0*n. Let f(d) = -1 - n*d + 2 + d. What is f(-3)?
7
Let n(j) = -2*j**2 + 2*j + 4. Let s be -1*0/(3 - 0). Suppose -3*p - 2*p = s. Suppose -3*m + g + 4 = p, -3*g + 5 = -m - 7. What is n(m)?
-8
Suppose 2*s - 1 = 3*n, 0 = 3*s + 4*n - 8 - 2. Let a(u) = s*u**2 - 7 - u + u + 6. Give a(-1).
1
Let s = -7 + 7. Let p(i) = -i - 12. Give p(s).
-12
Let t(z) = -4*z - 4. Let y(j) = 8*j + 7. Let p(r) = -5*t(r) - 3*y(r). Give p(1).
-5
Let j(c) = c**3 - 5*c**2 - 2*c. Suppose 5*d - 5 = 4*d. Give j(d).
-10
Let p(f) = -2*f**3 + 5*f + f**3 + 4 + 0*f**3 - 4*f**2. Suppose r + 4*d = -21, 3*r = -3*d - 41 + 14. What is p(r)?
4
Suppose 2*y + 2*y = 12. Let s = -4 + y. Let k be 3/(-3)*(-1 - s). Let l(m) = -m + 2. Calculate l(k).
2
Let f(x) be the first derivative of -x**4/4 + 2*x**3 - 5*x**2/2 + 7*x - 87. Let d(p) = p**2 - 6*p + 6. Let v be d(4). Let j be (v + 7)*(-2)/(-2). What is f(j)?
7
Let n(f) = f**3 - 5*f**2 - 2 + 1 + 5*f - f. Give n(3).
-7
Suppose -10 = 3*k - 8*k. Suppose k*y + 3*y - 20 = 0. Let s(l) = 2*l + 0*l - 4*l + 6. Give s(y).
-2
Let b(g) be the first derivative of g**3/3 - 2*g**2 - g + 18. Determine b(3).
-4
Let f(o) = -o**3 - o**2 + o. Let n(y) = -5*y**3 - 3*y**2 + 5*y + 5. Let q(g) = -4*f(g) + n(g). Determine q(0).
5
Let r(i) = -5*i**3 + 18*i**2 - 11*i - 6. Let u(v) = 6*v**3 - 20*v**2 + 11*v + 6. Let m(p) = 7*r(p) + 6*u(p). Determine m(-7).
22
Let l(x) = -3*x**2 + 3*x - 3. Let f(g) = -2*g**2 + 2*g - 2. Let c(j) = 8*f(j) - 5*l(j). Let u(k) = 5*k**2 - 5*k + 7. Let s(d) = -4*c(d) - u(d). Give s(0).
-3
Suppose -2*w + 13 = -11. Let p(q) = -q + 7. Calculate p(w).
-5
Let y(r) = 3*r + 32. Let t be y(-11). Let x(m) = -3*m**2 + 2*m + 1. Give x(t).
-4
Let d(a) = -a**3 - 3*a**2 + 7. Suppose 0 = -16*o + 17*o + 3. Let v(u) = u**2 + u. Let m(r) = o*v(r) + d(r). Let y = 9 - 14. Determine m(y).
-3
Let l(u) be the third derivative of -1/12*u**4 + 5*u**2 + 1/6*u**3 - 1/60*u**6 + 0*u + 0 + 0*u**5. Determine l(1).
-3
Let b(f) = -f**3 + 7*f**2 - 8*f + 6. Let o be b(6). Let h(m) = m + 12. What is h(o)?
6
Let q(r) = 2*r**2 - 13*r**2 + 3 + 6*r**2 - r**3 + r. Let f = 10 + -5. Suppose -w + 0 - f = 0. Give q(w).
-2
Suppose 0 = -b + 4*n - 1 + 18, -5*b + 5*n = -10. Let t be b - (0 + -4 + -1). Let w(r) = 5*r**2 + 5 - 6 + 3*r**t. Give w(1).
7
Let h(y) = -2*y**2 - 2. Let v be h(2). Let d = v - -6. Let f(k) = -k**2 - k - 1. Let x(j) = -j**3 - 9*j**2 - j - 8. Let n(w) = 6*f(w) - x(w). Calculate n(d).
6
Let t = -28 + 21. Let f(s) = s**3 + 7*s**2 - s - 4. Give f(t).
3
Let z(d) be the second derivative of d**4/12 - d**3/2 + d**2/2 + d. Suppose 0 = -29*q + 48*q - 38. Determine z(q).
-1
Let x(u) = u**2 + 4*u - 2. Suppose 0 = -2*i - 11 + 55. Let p = -13 + i. Suppose 5*c = 2*c - p. What is x(c)?
-5
Suppose -3*l + 5*a = -0*a + 31, -2*a - 76 = 4*l. Let h(r)